 Suppose 2*v - 1 = -3*o, b*o - 3*v + 7*v + 10 = 0. Suppose m - o - 4 = 0. What is the units digit of m?
7
Let h(x) = -x**3 - x**2 - x + 7. What is the units digit of h(0)?
7
What is the tens digit of 2 + 5/(20/152)?
4
Suppose d = 2*m + 2*m + 4, 3*d + 4*m = 12. Suppose -i - d = -2*i. Suppose -4*c + 7 - 2 = -3*j, -5 = 3*c - i*j. What is the units digit of c?
5
Suppose 0 = -2*n + 3*n - 5*k, -n + 3*k + 4 = 0. What is the units digit of (n - 5)*(-39)/(-15)?
3
Let l = -21 + 31. Let a(t) = 3 - 4*t + t + 0*t + t**2 - 6*t. What is the tens digit of a(l)?
1
Let t = 25 - -21. Suppose t + 14 = 4*n. What is the tens digit of n?
1
Suppose 5*a + 125 = 5*p, p + 0*a - 23 = 2*a. What is the units digit of p?
7
Let r = 8 - -13. What is the tens digit of r?
2
Let w = -25 - -32. What is the units digit of w?
7
Let l = 2 + -3. What is the tens digit of (l - 2) + 24 + 2?
2
Let l = 0 - 3. Let t be 3 + l + (-1 - -8). Suppose -t*v + 2*v = -85. What is the tens digit of v?
1
Suppose i - 5 = -5*u, 27 - 2 = 5*i + 3*u. Suppose 4*k + 0*k = 20. Let g = k + i. What is the tens digit of g?
1
Suppose 0 = 10*p - 1273 - 1487. What is the tens digit of p?
7
What is the units digit of -1*(-28)/(-8)*-6?
1
Let x = 5 + -2. Suppose -5*a + 2*n = -0*n - 30, -5 = -5*a - x*n. What is the units digit of a?
4
Suppose 7*v - 786 = 943. What is the hundreds digit of v?
2
Let j(b) = -b**2 + 8*b - 2. Let w be j(8). What is the tens digit of 11 + (-1 - -2) + w?
1
Let o = -66 - -75. What is the units digit of o?
9
Let p(l) = -2*l**2 + 9*l. Let s be p(6). What is the units digit of (s/(-8))/((-6)/(-16))?
6
Let v(l) = l**2 - 7*l + 6. Let n be v(4). Let o = n + 8. What is the units digit of o?
2
Let g(n) = -2*n**2 - 19*n + 14. Let x be g(-10). Suppose 1 + x = s, -z + 12 = -3*s. What is the tens digit of z?
2
Let c(f) = -f**3 + f**2 + 3*f + 2. Suppose 4*t + 0*d + 9 = -d, -3*t - 4*d = -3. Let j = t - -1. What is the units digit of c(j)?
8
Let v be (-4)/12*1*-39. Let h = 26 - v. Suppose 3*p - 2*z = -h + 47, z - 25 = -2*p. What is the tens digit of p?
1
Let v = -1 + 4. Let p = 12 - 9. Suppose v*c - 15 - p = 0. What is the units digit of c?
6
Suppose -5*q + 81 = 11. Suppose 21 + q = 5*j. What is the units digit of j?
7
Suppose o + 1 - 2 = 0. What is the units digit of o + 3 + 17 + -2?
9
Let p = -2 - -25. What is the tens digit of p?
2
Let c(d) = d**3 - 5*d**2 + 11*d - 14. What is the tens digit of c(6)?
8
Suppose 0 = 4*l - 2*l - 52. Suppose -4*d = 3*r - l, -8 = -2*r - 6*d + d. What is the tens digit of r?
1
What is the tens digit of (17 - 2) + (0 - -1)?
1
Suppose 0*z = 9*z - 2736. What is the hundreds digit of z?
3
Let j(w) = 4*w - 5. Let v be j(2). What is the tens digit of 44 - 1*9/v?
4
Let l be (8/6)/(6/18). Suppose 0 = 8*w - 5*w - 15. Suppose l*a + q - 14 = 34, 0 = -a + w*q + 12. What is the tens digit of a?
1
Suppose 6*j - 90 - 540 = 0. What is the hundreds digit of j?
1
Suppose -g - 3*s + 9 = 0, 0 = 2*g + g + 4*s - 32. What is the tens digit of ((-123)/g)/(1/(-4))?
4
Let p be (-54)/15 - 15/(-25). Let w(q) = q**3 + 3*q**2 - 5*q - 2. What is the tens digit of w(p)?
1
Let q = 0 + 1. Let o = 9 - q. What is the units digit of o?
8
Let i = -2 - -10. Let r be 4/i - (-14)/4. Suppose -2*z + 4*l = r, 4*l - 5 = -3*z + 29. What is the units digit of z?
6
Suppose -3*l - 4 + 17 = 5*u, 2*u = -3*l + 7. Let c = l + 1. Suppose 3*m = c*m + 5. What is the units digit of m?
5
What is the units digit of ((-72)/14)/(1 + 303/(-294))?
8
Let v be (1 - 2)/((-4)/4). What is the units digit of 34 + (0 - v)*-1?
5
Let q(n) = 2*n**2 + n. Let l be q(2). Suppose 3 = d - l. What is the units digit of d?
3
Suppose 5*k - 5*q - 61 = 29, 36 = 2*k - q. Let g be (-1*(1 - 0))/(-1). Let v = k - g. What is the tens digit of v?
1
Let i(h) = -h**3 + 8*h**2 - 4*h - 4. What is the tens digit of i(7)?
1
Let s = -5 - -7. Suppose 3*k - 3*i - 3 = 0, -i - 5 = -2*k - 1. Suppose -k*p + 20 = s*p. What is the units digit of p?
4
Let z be (-2)/(2*1/(-8)). What is the tens digit of z/(-28) + (-172)/(-14)?
1
Suppose 0 = -3*a + 21 - 57. What is the tens digit of (a/(-14))/((-3)/(-42))?
1
Let s(h) = -h + 138. Let y be s(0). Suppose -y = -4*r + 2*j + 3*j, -5*j = 10. What is the units digit of r?
2
Let c be (-436)/3*3/(-2). Suppose -4*y + c = 5*v, 121 = 4*v + 2*y - 51. What is the units digit of v?
2
Let i(u) = -u**3 - 3*u**2 + 6*u + 2. What is the tens digit of i(-5)?
2
What is the units digit of 4*4 - (13 - 13)?
6
Let m(s) = 4*s**2 - 3*s**2 - 26*s + 27*s. Let t(l) = -3*l. Let u be t(1). What is the units digit of m(u)?
6
Let t be (-84)/(-39) + 2/(-13). Suppose 2*z - 21 = 3*k, z - 30 = -3*z + t*k. What is the units digit of z?
6
Let m be ((-3)/(-2))/((-4)/(-8)). Suppose m*c = u + 92, 0*c = -2*c + u + 63. What is the tens digit of c?
2
What is the units digit of 3 + -4*(-6)/3?
1
Suppose -160 = -4*v - v. What is the tens digit of v?
3
Suppose -4*d = 2*b - 57 - 57, 4*b - 207 = -d. Let f = b - 30. What is the tens digit of f?
2
Suppose 10*y = 15*y - 20. What is the tens digit of (-1640)/(-72) - y/(-18)?
2
What is the tens digit of (62/(-8))/((-2)/24)?
9
Let c be (-4)/(-14) + (-12)/(-7). Suppose 27 - 3 = c*b. What is the tens digit of b?
1
Let l be 58/18 - 10/45. Suppose 0 = 4*v - l*w - 43, 4*v - w = 3*w + 48. What is the units digit of v?
7
Suppose -37 = 3*n - 4*n. What is the tens digit of n?
3
Suppose 0 = 5*r + 3*j, 3*j + 27 = -r + 5*r. Let o be 10/(-8)*(-1 - r). Suppose -o*b + 28 = -17. What is the units digit of b?
9
Let p(o) = o + 1. Let l(g) = -3*g - 5. Let v(h) = -l(h) - 6*p(h). What is the units digit of v(-13)?
8
Let g be 3/1*6/9. Suppose -g*i = -5*i + 9. What is the units digit of i?
3
Let s = 8 - 5. Suppose 3*p = 5*t - p - 12, 4*t - 10 = s*p. Suppose -b + t + 10 = 0. What is the tens digit of b?
1
Suppose 0 = 4*j - 8. Suppose -5*g - 28 = -2*z, 14 = -j*z + 3*z + g. What is the tens digit of z?
1
Let q(a) = 7*a**2 - a + 2. Let z be q(2). Suppose 2*x = z - 2. What is the units digit of x?
3
Let a(t) = -t**3 - 2*t**2 + 15*t + 5. What is the hundreds digit of a(-7)?
1
Suppose -1 + 13 = 3*s. Suppose 0*o - s*g = -o - 8, o - 3*g + 6 = 0. Suppose -h - 4*k + 6 = o, 0*h + 24 = 4*h + 4*k. What is the units digit of h?
6
Suppose 0 = y - 3*u - 110, -4*u = u + 10. What is the tens digit of y?
0
What is the tens digit of (-30)/(-8)*56/21?
1
Suppose -6*r + r = 225. Let z be -52*(4/2)/4. Let x = z - r. What is the tens digit of x?
1
Suppose -4*t = 5*z + t - 25, -2*t + 6 = 0. Suppose -4*q + 152 = 3*r + r, 2*r - z*q - 72 = 0. What is the tens digit of r?
3
Let c(s) = -s**2 - 9*s + 3. Let t be c(-9). Let h = 13 - t. What is the units digit of h?
0
Let t = -2 + 1. Let n = 4 + t. What is the units digit of n/(-9)*18/(-3)?
2
Suppose -x + 104 = 3*n, n + 4*x - 47 = 6. Let u = n - 23. What is the tens digit of u?
1
Let s(r) = -28*r - 89. What is the tens digit of s(-8)?
3
Let m(b) = b**3 + 2*b**2 - b - 2. Let r be m(-2). What is the units digit of (-2 + r + 0)*-1?
2
What is the units digit of 120*(-2)/((-2)/1)?
0
Suppose 0 = -z - 4*q - 2, 0*q = 3*q + 6. Suppose 0*y = y + z. What is the units digit of (0 + y/(-3))/2?
1
Let v(w) = w**3 - 13*w**2 - 2*w + 9. Let n be v(13). Let z = n + 40. What is the tens digit of z?
2
Suppose 0 = -15*v + 5*v + 3450. What is the tens digit of v?
4
Let j = -13 + 87. What is the tens digit of j?
7
What is the units digit of 6*1/((-6)/(-21))?
1
Suppose 0 = 4*d + 5*w - 410, 309 = d + 2*d + 3*w. What is the hundreds digit of d?
1
Suppose -46 = -2*s + v + 30, -2*s + 84 = -3*v. Let g(t) = t**3 - 3*t**2 + 2. Let n be g(3). Suppose -m + s = n*m. What is the units digit of m?
2
Let g(w) = 9*w - 29. What is the tens digit of g(23)?
7
Let m(q) = 17*q**2 + 3*q - 2. What is the tens digit of m(3)?
6
Let d(u) = -u + 6. What is the units digit of d(4)?
2
Let j = 9 + -20. Suppose -33 + 101 = -4*l. Let n = j - l. What is the units digit of n?
6
Let f(n) = n**2 + 4*n + 6. What is the tens digit of f(-7)?
2
Suppose 4*g - d - 293 = 0, 4*g + d - 67 - 216 = 0. What is the units digit of g?
2
Suppose -2*v + 5*v + c = 100, 4*c = -v + 15. What is the tens digit of v?
3
Suppose 13 + 7 = -5*u. Let l be 1/(-4) + 35/u. Let m(b) = -b - 4. What is the units digit of m(l)?
5
Let a = 38 + -29. What is the units digit of a?
9
Let j = -28 + 80. What is the tens digit of j?
5
What i